t a(x) = -712*x + 32132. Calculate a(45).
92
Let b(v) = v**3 + 2*v**2 - 61*v - 694. Give b(-16).
-3302
Let k(g) = g**3 - 35*g**2 - 3303*g + 2322. Determine k(-43).
129
Let x(g) = g**3 - 14346*g**2 + 315135*g - 161. Give x(22).
-7
Let o(y) = 113*y**2 + 713*y + 80. Give o(-5).
-660
Let u(w) = w**2 + 100*w + 1816. Determine u(-76).
-8
Let m(o) = -o**2 - 3934*o - 144152. Calculate m(-37).
37
Let n(j) = 12826*j + 705437. What is n(-55)?
7
Let z(i) = -4*i**3 - 48*i**2 - 296*i + 189. What is z(-6)?
1101
Let p(c) = c**3 - 47*c**2 + 434*c + 45. Determine p(33).
-879
Let m(q) = q**3 - 78*q**2 - 1000*q - 7208. Determine m(90).
-8
Let r(v) = -25090*v + 9458937. Give r(377).
7
Let b(i) = -6*i**3 - 1894*i**2 + 14225*i + 4223. Determine b(-323).
24
Let a(p) = 37*p**2 - 1128*p - 11395. Calculate a(-8).
-3
Let v(q) = 18*q**3 - 27*q**2 + 75*q + 12. Give v(3).
480
Let m(z) = 151*z**2 + 1996*z + 2214. Determine m(-12).
6
Let o(f) = -51*f + 9013. What is o(170)?
343
Let a(s) = 980*s + 135130. Determine a(-138).
-110
Let j(g) = 5*g**2 + 1986*g - 5662. Give j(-400).
-62
Let n(i) = -11335*i + 1039. Determine n(0).
1039
Let u(q) = 2696*q - 6242. What is u(2)?
-850
Let j(l) = -47*l**3 - 658*l**2 - 11*l - 147. Determine j(-14).
7
Let c(k) = 578*k**3 + 2*k**2 - 21*k + 18. Give c(1).
577
Let p(f) = -13699*f - 13616. Give p(-1).
83
Let j(x) = 7*x**2 - 1153*x - 1479. Determine j(166).
15
Let h(k) = k**3 + 341*k**2 - 12750*k + 736. Give h(-375).
736
Let f(t) = 2709*t + 904799. What is f(-334)?
-7
Let f(g) = 11*g**2 - 9098*g + 37047. Give f(823).
12
Let m(s) = -6647*s - 385490. Give m(-58).
36
Let i(j) = -2037*j + 6304. Determine i(3).
193
Let h(g) = -2723*g + 136318. Calculate h(50).
168
Let n(c) = c**3 + 19*c**2 + 876*c + 12781. Calculate n(-15).
541
Let r(f) = f**2 + 28*f - 421. What is r(11)?
8
Let l(d) = -46205*d + 277280. Determine l(6).
50
Let k(a) = 17352*a + 1093172. What is k(-63)?
-4
Let z(b) = 98923*b + 2. What is z(0)?
2
Let v(k) = 2*k**2 - 532*k - 17776. Calculate v(-30).
-16
Let g(c) = -c**3 + 58*c**2 - 519*c - 6422. Determine g(42).
4
Let w(k) = 447*k - 25349. Give w(56).
-317
Let b(y) = 2*y**3 + 35*y**2 - 508*y - 63. Give b(-27).
-198
Let k(y) = -2*y**3 + 3*y**2 - 67*y + 1780. Give k(0).
1780
Let s(b) = -b**2 - 56888*b - 284416. Determine s(-5).
-1
Let z(p) = -14*p**2 - 510*p + 49. Determine z(-39).
-1355
Let q(l) = l**3 - 166*l**2 - 89*l + 14796. Give q(166).
22
Let l(v) = -v**2 + 4860*v + 19435. Give l(-4).
-21
Let s(o) = -14*o**2 + 6100*o + 7866. What is s(437)?
0
Let a(s) = -8*s**3 - 2703*s + 5403. What is a(2)?
-67
Let g(y) = -y**3 - 391*y**2 + 1533*y - 661934. Determine g(-399).
7
Let z(j) = -4300*j - 27877. Determine z(-7).
2223
Let f(o) = -4735*o - 3934. What is f(-1)?
801
Let g(p) = 44914*p + 2021123. What is g(-45)?
-7
Let s(n) = 4*n**2 + 117*n + 240. Calculate s(-27).
-3
Let p(h) = -24*h**2 + 1544*h - 6069. Calculate p(4).
-277
Let h(u) = 15*u**2 + 90*u + 711. Give h(-8).
951
Let n(c) = 326*c - 16989. Give n(53).
289
Let d(i) = -699*i + 4718. Determine d(10).
-2272
Let z(g) = g**2 + 5509*g - 55149. What is z(10)?
41
Let l(j) = j**2 - 2*j - 117645. What is l(344)?
3
Let x(y) = 154*y**2 + 1255*y + 166. Give x(-8).
-18
Let n(u) = 4*u**2 - 3173*u + 453770. Calculate n(606).
-124
Let v(k) = -k**2 + 8772*k + 317127. What is v(-36)?
39
Let s(v) = -72804*v + 145602. Calculate s(2).
-6
Let v(i) = 6*i**3 - 3006*i**2 - 176172*i - 4. Calculate v(554).
-4
Let j(b) = -6*b**3 + 5*b**2 - 25*b + 241. Calculate j(7).
-1747
Let i(b) = -330*b**3 - 2997*b**2 - 239*b + 42. Calculate i(-9).
6
Let u(n) = 60*n**2 + 10615*n - 915. Determine u(-177).
-30
Let q(g) = 88060*g + 88066. Calculate q(-1).
6
Let f(a) = -114*a**2 - 683*a - 3. Determine f(-4).
905
Let z(m) = -m**3 - 54*m**2 + 9072*m + 501755. What is z(-56)?
-5
Let x(m) = -5032*m + 468092. Give x(93).
116
Let f(t) = t**2 + 437*t + 45769. What is f(-263)?
7
Let m(z) = 7956*z - 1185458. Determine m(149).
-14
Let i(p) = -p**3 + 171*p**2 + 8188*p - 95. What is i(-39)?
-17
Let b(h) = 57*h**2 - 97*h + 197. What is b(3)?
419
Let u(x) = 533*x**2 + 4722*x + 30. Give u(-9).
705
Let o(c) = -c**3 - 491*c**2 - 3503*c - 287612. What is o(-485)?
-7
Let s(v) = 3158*v - 50265. What is s(16)?
263
Let o(r) = r**3 - 16*r**2 + 312*r - 1829. What is o(7)?
-86
Let d(l) = l**2 + 39031*l + 1364863. Calculate d(-35).
3
Let w(s) = 4*s**3 - 463*s**2 + 2782*s + 9. Determine w(6).
897
Let h(q) = -280176*q - 280185. Determine h(-1).
-9
Let l(p) = 368*p + 23576. Calculate l(-64).
24
Let s(i) = -4*i**3 - 31*i**2 + 2*i - 3. Calculate s(-6).
-267
Let l(n) = n**3 + n**2 - 4214*n - 16838. Calculate l(-4).
-30
Let o(p) = 17*p**2 - 4607*p + 9161. Give o(269).
15
Let u(l) = 29*l**2 - 772*l + 4. Determine u(2).
-1424
Let y(x) = -22757*x + 112038. Determine y(5).
-1747
Let d(v) = 13*v**2 + 536*v + 4849. Calculate d(-12).
289
Let s(y) = -y**2 - 696*y - 700. What is s(-695)?
-5
Let y(v) = -2*v**2 + 125314*v + 1253346. What is y(-10)?
6
Let j(h) = -15*h**3 + 2894*h**2 - 31*h + 43237. Determine j(193).
5
Let a(l) = l**3 + 8*l**2 - 33*l - 178. Give a(-10).
-48
Let i(a) = -23*a**2 + 564*a + 4839. Give i(-8).
-1145
Let v(w) = -1608*w - 170445. Determine v(-106).
3
Let k(w) = -9*w**3 - 8*w**2 - 77*w + 408. Determine k(4).
-604
Let p(w) = 2519*w + 302265. What is p(-120)?
-15
Let f(p) = p**3 - 13*p**2 + 36*p + 1695. Calculate f(-8).
63
Let f(l) = -l**2 + 41244*l + 4. What is f(0)?
4
Let z(u) = 2724934*u - 10899739. Determine z(4).
-3
Let l(b) = 19*b**2 + 256*b + 75. Give l(-13).
-42
Let t(m) = m**3 - 14*m**2 - 1564*m + 21654. Calculate t(14).
-242
Let w(z) = -z**2 + 171*z + 243189. Calculate w(-415).
-1
Let s(h) = 2*h**3 - 184*h**2 + 1322*h + 1247. Give s(84).
-601
Let p(u) = -4437985*u + 4438005. Give p(1).
20
Let k(z) = -2*z**2 + 2994*z - 11986. What is k(4)?
-42
Let n(w) = -14*w**2 - 750*w + 440. Give n(-56).
-1464
Let d(g) = -84*g**2 + 41*g - 6. Calculate d(4).
-1186
Let r(m) = 149543*m + 18. Determine r(0).
18
Let i(c) = 2*c**2 + 1187*c + 126354. What is i(-139)?
3
Let j(h) = -67*h + 8590. Determine j(114).
952
Let x(d) = 916984*d - 13754768. Calculate x(15).
-8
Let g(s) = -446*s**2 - 12023*s + 519. What is g(-27)?
6
Let j(m) = 2676*m + 345169. What is j(-129)?
-35
Let d(y) = 116*y - 3402. Determine d(25).
-502
Let c(j) = -35*j**2 - 178*j. Calculate c(2).
-496
Let l(z) = z**2 + 83*z - 58806. What is l(-287)?
-258
Let o(s) = s**2 + 112*s - 577. Determine o(-94).
-2269
Let r(w) = w**2 + 732*w + 127394. Give r(-447).
-1
Let b(a) = 2*a**2 - 308*a + 9672. Calculate b(56).
-1304
Let o(f) = 3*f**2 - 3902*f - 23516. What is o(-6)?
4
Let v(y) = 7*y**3 + 68*y**2 - 238*y - 2182. What is v(-10)?
-2
Let r(s) = 2*s**3 - 65*s**2 - 2131*s + 64175. Calculate r(26).
-19
Let p(s) = -2*s**2 + 322*s + 4118. Calculate p(177).
-1546
Let u(n) = -211019*n - 38194436. Give u(-181).
3
Let r(s) = 7*s**3 - 51*s**2 + 317*s - 25. What is r(8)?
2831
Let v(p) = -108*p**3 + 25*p**2 - 2*p + 27. Calculate v(3).
-2670
Let j(c) = 57*c**2 - 5043*c + 20143. Give j(4).
883
Let c(z) = -2*z**3 - 174*z**2 - 2267*z - 1606. Give c(-15).
-1
Let t(m) = m**3 + 80*m**2 + 24*m + 2040. Determine t(-80).
120
Let n(j) = -2*j**2 + 124*j + 11. Calculate n(0).
11
Let r(w) = -w**2 + 598*w - 73990. What is r(420)?
770
Let a(f) = -f**2 - 85*f + 1500. What is a(-99)?
114
Let c(i) = 136461*i + 1091672. What is c(-8)?
-16
Let v(h) = h**3 + 117*h**2 + 574*h - 93. Determine v(-112).
-1661
Let g(m) = -18*m**2 - 288*m - 1088. Determine g(-10).
-8
Let f(n) = 106955*n + 534777. Calculate f(-5).
2
Let z(c) = 13*c**3 + 45*c**2 - 4047*c - 32. Determine z(16).
-16
Let j(o) = -28*o**2 + 987*o + 745. Determine j(36).
-11
Let p(k) = -11498*k - 436925. Calculate p(-38).
-1
Let l(v) = 10*v**2 + 2270*v - 438. Give l(-227).
-438
Let j(z) = z**3 + 289*z**2 - 16822*z + 12738. Give j(49).
-2
Let b(s) = 2*s**3 + 348*s**2 + 405*s + 10596. Determine b(-173).
389
Let d(x) = -3*x**2 - 185497*x - 556478. What is d(-3)?
-14
Let u(n) = 8012*n + 56053. What is u(-7)?
-31
Let j(h) = 1320*h**3 + 2641*h**2 + 17*h + 34. Calculate j(-2).
4
Let n(g) = 2*g**3 + 2*g**2 - 57*g + 463. Give n(-8).
23
Let p(u) = 719*u - 5506. Determine p(8).
246
Let p(y) = -3*y**2 - 27*y + 6106. Calculate p(41).
-44
Let a(p) = -165*p + 10681. Give a(62).
451
Let c(f) = f**2 + 